- -120) + 2 - 3)
135
158 + (-41 - 44) + -12
61
Evaluate 7 + 2 + (-3 - 2) + -3.
1
What is -6 + (4 + (26 - 10) - (15 + -3))?
2
39 - (-69 - 2 - (-97 + 53))
66
Evaluate -2 + -38 + (-641 - -733).
52
What is -39 - (-86 + 78) - (14 - (1 + 0))?
-44
73 + (-14 - 60) + 109
108
Evaluate (-19 - -24) + -32 + -1 + -1 - (75 - 82).
-22
What is the value of 41 - 62 - 3 - -11?
-13
-48 - (12 - 49 - -44)
-55
72 + -7 + -4 + (27 + (12 - 24) - -1)
77
What is (-2 - (-1 + 1)) + (-3 + -8 - 10)?
-23
Evaluate (-58 + 100 - 82) + 63.
23
What is the value of 70 + -41 + -53 - (-74 - -4)?
46
53 + 8 + 3 - 49
15
45 - 80 - (-20 + -14 + 19 + 10)
-30
What is -7 + 0 + (-130 - -114) + 0 + 52 - 9?
20
What is -2 + 12 + -9 + -55?
-54
Evaluate -14 - (-27 + (65 - -2) - 23).
-31
1 + -68 + -77 + (-159 - -248)
-55
Evaluate -23 - (-8 - (-1 + -44)) - (2 - -10).
-72
What is 2861 + -2806 + (-135 - 2)?
-82
89 + (10 - (106 - 131))
124
Evaluate -11 - (-4 + -1 + (-13 + -9 - -11 - -1)).
4
Calculate 16 + 317 + -326 + (-42 - -1) + -5.
-39
What is -13 - (-5 - -3) - (-2646 - -2586)?
49
What is ((2 - -8) + 1 - 1) + (-44 - (-13 + -16))?
-5
Evaluate 118 + (5 - 42) - 20.
61
Evaluate -31 + 1 + 0 - (1308 - 1316).
-22
-17 + 34 + -1 + 141 + -150
7
What is the value of 2 + -10 + -2 + -2 + -26?
-38
Evaluate 21 + (12 - 44) + 13 - (-28 - -1).
29
What is the value of (3 - (1 - (3 - (3 + 0)))) + -8361 + 8404?
45
What is -1093 + 1085 - (4 - (4 - 13))?
-21
16 - 3 - (-138 - -191)
-40
Calculate (3 + -4 + 63 - (0 - 4)) + (1285 - 1276).
75
5 + -21 - ((-26 - -68) + -26)
-32
Calculate -3 + (26 + -20 - -8) + 48.
59
What is -125 + 50 + 20 + 4?
-51
Evaluate 3 + -18 + -2 + 19 + -85 + -9.
-92
(-31 - -4) + (-18 + 5 - -17) + 3
-20
Evaluate 19 + -4 + -35 + 12 + (0 - 1) - -3.
-6
Evaluate 9 - 6 - (-12 + (3 + 90 - -16)).
-94
(32 - -1) + (-79 - (-96 - -20) - -11)
41
Calculate -1 + -3 + -7 + 6 + -12 + -20.
-37
What is 6 + -31 + (23 - -1)?
-1
What is -142 + 166 - (-23 - -11)?
36
Calculate 2 - (3 + -19 + -3) - (8605 - 8600).
16
What is the value of (0 - 14) + (40 - 41) + -45 + 38?
-22
What is -29 - -29 - (603 + -662 + (0 - (-7 + -2)))?
50
306 - 355 - (-8 + 1 + 1)
-43
(-7 - -60) + 1 - -4 - 1 - (-55 + 58)
54
What is -6 + 1 + -17 + 36 + 7 + 1?
22
What is the value of (5 - (-29 + -9)) + (1 - (-6 + -2)) + 2?
54
-20 + 75 + 4 + -14
45
Evaluate 76 + 0 - (-238 + 234 + (3 - (3 - -2))).
82
What is -79 - (18 + -7) - 3 - -33?
-60
What is 11 + -9 - (33 + 7 + (7 - 3))?
-42
Calculate -16 + (-5 - -13) - 8 - (99 - (-16 - -42)).
-89
What is (172 + -121 - 61) + 45?
35
Calculate 27 - (6 - (19 + -21 + (-6 + 17 - 0))).
30
Evaluate 13 - (-8 - -14) - (41 + -8 + 4).
-30
21 - (-17 - (-21 - (-45 + 19)))
43
Evaluate (-8 - 24 - -31) + -5.
-6
(-24 - -2) + 5 + (6 - (2 + -5 + 16))
-24
(25 - 1 - (61 + -47)) + -59 + -12
-61
Evaluate (-13 - (-56 - -62)) + -15.
-34
What is 4 - (-2 - -3) - (62 + -30 - 146)?
117
1 + -43 + -26 - -14
-54
Calculate -27 - (-10 - (0 - (-19 - -14))).
-12
What is the value of (55 - 57) + (-19 - -43)?
22
Evaluate -353 + 327 + (7 - (5 + -1 + -3)).
-20
Evaluate -30 + (10 - 28) + 49 + (-1 - 27).
-27
What is the value of -36 - (20 + (22 + -44 - -5))?
-39
What is -4 + (-43 - (-18 - 75)) + -43?
3
What is 40 + (-2 - -4) - ((-83 - -16) + 73)?
36
Calculate 73 - (13 + 14 + (-11 - 12) + -2).
71
Evaluate 15 + -36 + 37 + (-4 - 31).
-19
Calculate -77 + (12 - (2 - -1 - (-93 - -93))).
-68
Calculate 95 - 64 - (-11 + 4 + -18).
56
What is -39 + 22 + -26 - -2 - -12?
-29
Calculate 15 + (-79 - (-18 + -1 - -20)) - (-3 - 1).
-61
Evaluate (-74 - -162 - 78) + -107 + -7.
-104
-99 + (-13 - -28 - -11)
-73
Evaluate 0 + 32 - (111 + -17 - 83).
21
What is 9 - 59 - (69 + -89 - (-36 + -1))?
-67
Evaluate 14 + (-15 - (23 + 0 - 0)).
-24
29 + 23 + -25 + -25 + (3 - -10) - -9
24
What is the value of (-9 - (-13 + 61)) + (13 - (-11 - -15))?
-48
What is (-76 - -12 - -73) + (0 - -10) - (2 + -10)?
27
-10 + (-2 - ((8 - -8) + -10)) + 51
33
What is -4 + 46 + (-307 - -262)?
-3
Evaluate 120 + (-53 - 65) - (-4 - 0 - (2 + -1)).
7
What is -2 + -6 - (8 + -24 + 33 - 50)?
25
What is 48 + -5 - (0 - 1 - (-314 - -320))?
50
What is the value of (10 - (6 - (10 - 15 - 1))) + 37?
35
Calculate -14 + 0 + (4 + -5 - (14 + -33 - -15)).
-11
Evaluate -421 + 332 + (-4 - 26).
-119
Calculate -28 + 0 + (21 + -44 - -50).
-1
What is the value of 6 + -4 - (0 + (-3 - -1)) - (-11207 + 11116)?
95
What is 9 - (31 - 16 - 8) - (-2 + -53)?
57
Calculate -7 + -270 + 256 + (-2 + 13 - 0) + -39.
-49
Calculate -77 + (23 - -92) + -42 - (-1 - -138).
-141
Calculate 3250 + -3260 + (-2 - -2 - -11).
1
3 - (-24 - (31 + -52)) - (-19 + -1)
26
Evaluate 81 + (-113 - (-135 + 11)).
92
Calculate (-4 - (-4 - -9) - 3 - (1 + -3)) + 7.
-3
-3 + (0 + -17 + 2 + 3 - 8)
-23
What is the value of -1195 + 1226 - (3 + 15)?
13
Calculate 11 + -5 - (-55 - (3 + (-1 - -15) + -3)).
75
What is -83 - 10 - (-305 + 240)?
-28
Evaluate (11 - (22 + -2 + -8) - 7) + -34.
-42
-16 + 20 + -46 + 9 + 21
-12
Calculate 9 + (17 - 38 - (-5 + 6)) + 54.
41
4 + (82 - (-42 - -222))
-94
Calculate 94 + -61 + -5 + 7 + -5 + 8.
38
Evaluate 149 + -295 - (-48 - (-13 + 8)).
-103
What is (0 - 89 - (0 - 20)) + (-2 - -11)?
-60
Evaluate 80 + -90 - (-18 + 13 + -8).
3
What is 11 + (0 + -4 - -3 - 6) + 76 - 1?
79
Calculate (460 - 385) + (-41 - -1).
35
What is (8 - -1) + 1 + 3 - (-11 + -2)?
26
Calculate -73 - ((9 - (6 + 7 - 25 - -29)) + 13).
-78
What is 9 - (147 - 52 - 82)?
-4
What is the value of 1127 - 1151 - ((-7 - (-4 + 0)) + -9)?
-12
(-117 + 326 - 94) + -65
50
-11 + 1 + -2 - (32 + -95 + 55)
-4
Evaluate -69 - (-5 + -4) - (-2 + 2 - (21 + -11)).
-50
Evaluate 23 + (2 + 37 + -47 - (-1 + -6)).
22
What is -11 + (32 - 5) - -28?
44
What is (0 - 1 - -16) + (376 - 382) + 17?
26
Calculate 227 + -228 - (-39 - -1).
37
What is the value of 85 - (-5 + (-8 - -38) + (1 - (20 + -7)))?
72
What is (-9 + 16 - 9 - (-6 - 3)) + 50?
57
Evaluate -22 - (-1 - 131 - -13).
97
Calculate (42 + -18 - -31) + 9 + -5.
59
What is the value of -24 + 86 - ((3 - -13) + -4)?
50
Evaluate 397 + -401 + (-5 + 7 - (-1 + -11)).
10
-9 + ((-17 - 7) + -13 - -17)
-29
What is (20 - 24) + 14 + -20 - (-1 - 10)?
1
58 + (-11 - (16 + (-36 - -17))) + (24 - 3)
71
What is -47 + 96 + -72 - -2?
-21
-5 - -2 - (-86 - (-24 - -10 - (-13 + -1)))
83
What is the value of (-19 - -15) + (-1 - (-12 - -8) - (-11 - -10))?
0
Evaluate -176 + 120 - (-21 + -4).
-31
What is the value of (5 - 19) + (55 - -4)?
45
What is the value of -50 - (3 - -30) - (-40 - 8)?
-35
What is the value of (22 - (10 - 19)) + -5 + -1 + (7 - -3)?
35
What is the value of 10 - (-38 - (-37 - 20))?
-9
What is 0 - (-9 - -7 - 11 - -13) - 13?
-13
What is the value of 131 - (-21 + 73) - 135?
-56
-43 - (48 - (12 - (29 - 47)))
-61
Evaluate 34 - (-11 + 24 - 4 - (-6 + 16)).
35
1121 - 1111 - (1 + (1 - 11 - 1))
20
Evaluate 127 + (37 - 81) - (15 - -18).
50
What is the value of 12 + (-3 - 0) - ((15 - (-8 + 14)) + 8)?
-8
Calculate 13 + (13 - (17 + -5)) + (2 - -2).
18
16 - (5 + -3 - (6 - 10) - -2)
8
What is the value of (4 - 4) + (28 - 7)?
21
-326 + 310 - (0 - -4)
-20
Evaluate 5 + (5 + 17 + -23 - (3 - (-3 + 0))).
-2
Evaluate -76 + 65 - (-11 + 7 + 4 - 6).
-5
2 + -2 + 6 - (-84 - (-47 - -26))
69
What is -41 + (-44 - (-46 + (-7 - -46)))?
-78
Evaluate 21 - 1 - (6 - (-21 + 29 - -2)).
24
Evaluate -2 - (36 - (-10 - -58)).
10
Calculate (85 + -29 - 46 - (-1 - -3 - 2)) + -57.
-47
5 + (-22 - (12 - (11 + -17 + 10 + 0)))
-25
Calculate (-55 - -40 - -36) + -37 - -33.
17
What is 99 + (-206 - -136) + -3 + -10?
16
Evaluate -10 - -1 - (2 + 1) - (26 + -12 - 4).
-22
What is 11 - (-41 + 46) - -10?
16
44 - (25 - -47) - (-5 + 22)
-45
What is (-2478 - -2533) + 0 + -59 - (1 + 1)?
-6
(36 - 6) + -37 + (-5 - 96)
-108
Calculate (-1 - -1) + (117 - 36) + -112.
-31
Calculate 8 - ((-15 - -9 - 8) + 0).
22
What is -602 + 665 + -163 + -2?
-102
16 - ((2 - -164) + -109)
-41
What is the value of (1 - -3 - (2083 + -2074)) + 19?
14
Evaluate (-7 - -11) + (64 - (-49 + 53)).
64
Evaluate -141 + 132 + (14 - (-4 + 2)).
7
What is ((2 - 8 - 5) + 0 - 42) + 6?
-47
Evaluate 0 + -78 + (10 - 9) - (-1660 + 1664).
-81
Evaluate 8 - (-2 + 6 + -25).
29
What is (324 - 283 - (0 - 12)) + 8?
61
-38 + (57 - (11 + 9))
-1
-243 + (-190 - -444) + -57 + -1 + 1
-46
1255 + -1151 + -18 + 9
95
(-14 - 0) + -1000 + 1057
43
What is (12 + -7 - 2) + 6 + 12 + 27?
48
What is the value of 16 + -14 + 12 +